{"id":1322,"date":"2022-02-24T05:02:56","date_gmt":"2022-02-24T10:02:56","guid":{"rendered":"https:\/\/federacionsmpc.org\/index.php\/home\/"},"modified":"2023-08-18T01:55:23","modified_gmt":"2023-08-18T06:55:23","slug":"inicio","status":"publish","type":"page","link":"https:\/\/federacionsmpc.org\/","title":{"rendered":"Inicio"},"content":{"rendered":"\n<div class=\"wp-block-uagb-container uagb-block-494c42c4 alignfull uagb-is-root-container\">\n<div class=\"wp-block-uagb-container uagb-block-761d5e80\">\n<div class=\"wp-block-uagb-container uagb-block-a1c9e9e2\">\n<div class=\"wp-block-columns is-layout-flex wp-container-core-columns-is-layout-28f84493 wp-block-columns-is-layout-flex\">\n<div class=\"wp-block-column is-layout-flow wp-block-column-is-layout-flow\">\n<div class=\"wp-block-uagb-advanced-heading uagb-block-6a7e9691\"><h2 class=\"uagb-heading-text\">Preservando nuestro <br>Pasado y Presente,<br>para asegurar <br>nuestro Futuro<\/h2><\/div>\n<\/div>\n<\/div>\n<\/div>\n<\/div>\n<\/div>\n\n\n\n<div class=\"wp-block-uagb-container uagb-block-1141d5ed alignfull uagb-is-root-container\"><div class=\"uagb-container-inner-blocks-wrap\">\n<div class=\"wp-block-uagb-advanced-heading uagb-block-34c9d96a\"><h2 class=\"uagb-heading-text\">\u00a1Bienvenidos!<\/h2><\/div>\n<\/div><\/div>\n\n\n\n<div class=\"wp-block-uagb-container uagb-block-f3942af0 alignfull uagb-is-root-container\"><div class=\"uagb-container-inner-blocks-wrap\">\n<div class=\"wp-block-uagb-container uagb-block-0408e4b0\">\n<div class=\"wp-block-cover\"><span aria-hidden=\"true\" class=\"wp-block-cover__background has-background-dim\"><\/span><img loading=\"lazy\" decoding=\"async\" width=\"1024\" height=\"918\" class=\"wp-block-cover__image-background wp-image-3227\" alt=\"\" src=\"https:\/\/federacionsmpc.org\/wp-content\/uploads\/2023\/08\/42516568_267621654086304_1631903661980385280_n-1024x918.jpg\" data-object-fit=\"cover\" srcset=\"https:\/\/federacionsmpc.org\/wp-content\/uploads\/2023\/08\/42516568_267621654086304_1631903661980385280_n-1024x918.jpg 1024w, https:\/\/federacionsmpc.org\/wp-content\/uploads\/2023\/08\/42516568_267621654086304_1631903661980385280_n-300x269.jpg 300w, https:\/\/federacionsmpc.org\/wp-content\/uploads\/2023\/08\/42516568_267621654086304_1631903661980385280_n-768x689.jpg 768w, https:\/\/federacionsmpc.org\/wp-content\/uploads\/2023\/08\/42516568_267621654086304_1631903661980385280_n-1536x1377.jpg 1536w, https:\/\/federacionsmpc.org\/wp-content\/uploads\/2023\/08\/42516568_267621654086304_1631903661980385280_n.jpg 1952w\" sizes=\"auto, (max-width: 1024px) 100vw, 1024px\" \/><div class=\"wp-block-cover__inner-container is-layout-flow wp-block-cover-is-layout-flow\">\n<p class=\"has-text-align-center has-ast-global-color-5-color has-text-color\" style=\"margin-top:var(--wp--preset--spacing--80);font-size:33px;line-height:1.5\"><strong>Quienes Somos<\/strong><\/p>\n<\/div><\/div>\n<\/div>\n\n\n\n<div class=\"wp-block-uagb-container uagb-block-bcac75b1\">\n<div class=\"wp-block-uagb-info-box uagb-block-a01009d9 uagb-infobox__content-wrap  uagb-infobox-icon-above-title uagb-infobox-image-valign-top\"><div class=\"uagb-ifb-content\"><div class=\"uagb-ifb-title-wrap\"><\/div><p class=\"uagb-ifb-desc\">La Federaci\u00f3n Nacional de Sociedades de Mejoras P\u00fablicas de Colombia, es una persona jur\u00eddica de Derecho Privado, sin \u00e1nimo de lucro, de utilidad com\u00fan, de beneficio social y comunitario que busca el bien p\u00fablico, que se rige por la Constituci\u00f3n Pol\u00edtica y las Leyes colombianas, por sus estatutos y reglamentos y por los principios universales, que inspiran este tipo de organizaciones civiles. <br><br>Ha sido constituida con arreglo a la prescripci\u00f3n contenida en el art\u00edculo sexto de la Ley 1217 de 2008, para ser la entidad que asocia representa y registra las actuales y nuevas Sociedades de Mejoras P\u00fablicas en Colombia y para determinar los lineamentos generales que dirijan las actividades de las Sociedades Federadas. La Federaci\u00f3n tiene como domicilio principal la ciudad de Bogot\u00e1 D.C. pero su \u00e1mbito de acci\u00f3n comprende todo el territorio de la Rep\u00fablica de Colombia.<\/p><\/div><\/div>\n<\/div>\n<\/div><\/div>\n\n\n\n<div class=\"wp-block-uagb-container uagb-block-fb32e4bf alignfull uagb-is-root-container\"><div class=\"uagb-container-inner-blocks-wrap\">\n<div class=\"wp-block-uagb-testimonial uagb-slick-carousel uagb-tm__arrow-outside uagb-block-7a0115d7 uagb-post__carousel_notset uagb-post__carousel_notset-tablet uagb-post__carousel_notset-mobile\"><div class=\"is-carousel uagb-tm__columns-1 uagb-tm__items\"><div class=\"uagb-testimonial__wrap  uagb-tm__imgicon-style-normal uagb-tm__image-position-top uagb-tm__bg-type-color \"><div class=\"uagb-tm__content\"><div class=\"uagb-tm__overlay\"><\/div><div class=\"uagb-tm__image-content\"><div class=\"uagb-tm__image\"><img decoding=\"async\" class=\"uagb-tm-img-src\" src=\"https:\/\/federacionsmpc.org\/wp-content\/uploads\/2023\/08\/comillas-300x270.png\" alt=\"\" width=\"86\" height=\"77\" loading=\"lazy\"\/><\/div><\/div><div class=\"uagb-tm__text-wrap\"><div class=\"uagb-tm__desc\">La salvaguarda de la memoria hist\u00f3rica se ha convertido en una obligaci\u00f3n moral de nuestra \u00e9poca.<\/div><div class=\"uagb-tm__meta-inner\"><div class=\"uagb-testimonial-details\"><span class=\"uagb-tm__author-name\">David Rieff<\/span><span class=\"uagb-tm__company\"><\/span><\/div><\/div><\/div><\/div><\/div><\/div><\/div>\n<\/div><\/div>\n\n\n\n<div class=\"wp-block-uagb-container uagb-block-5fcee4f8 alignfull uagb-is-root-container\"><div class=\"uagb-container-inner-blocks-wrap\">\n<div class=\"wp-block-uagb-advanced-heading uagb-block-2b5f3149\"><h2 class=\"uagb-heading-text\">NOTICIAS  DE LA FEDERACI\u00d3N<\/h2><div class=\"uagb-separator\"><\/div><\/div>\n\n\n\n\t\t\t<div class=\"wp-block-uagb-post-grid uagb-post-grid  uagb-post__image-position-top uagb-post__image-enabled uagb-block-3b9e32b0     uagb-post__items uagb-post__columns-3 is-grid uagb-post__columns-tablet-2 uagb-post__columns-mobile-1 uagb-post__equal-height\" data-total=\"1\" style=\"\">\n\n\t\t\t\t\t\t\t\t\t\t\t\t<article class=\"uagb-post__inner-wrap\">\t\t\t\t\t\t\t\t<div class='uagb-post__image'>\n\t\t\t\t\t\t\t\t\t<a href=\"https:\/\/federacionsmpc.org\/index.php\/2023\/08\/17\/nueva-junta-directiva-2023-2025\/\" target=\"_self\" rel=\"bookmark noopener noreferrer\" class='uagb-image-ratio-inherit'><img loading=\"lazy\" decoding=\"async\" width=\"1024\" height=\"768\" src=\"https:\/\/federacionsmpc.org\/wp-content\/uploads\/2023\/08\/NUEVA-JUNTA-1024x768.jpg\" class=\"attachment-large size-large\" alt=\"\" srcset=\"https:\/\/federacionsmpc.org\/wp-content\/uploads\/2023\/08\/NUEVA-JUNTA-1024x768.jpg 1024w, https:\/\/federacionsmpc.org\/wp-content\/uploads\/2023\/08\/NUEVA-JUNTA-300x225.jpg 300w, https:\/\/federacionsmpc.org\/wp-content\/uploads\/2023\/08\/NUEVA-JUNTA-768x576.jpg 768w, https:\/\/federacionsmpc.org\/wp-content\/uploads\/2023\/08\/NUEVA-JUNTA.jpg 1200w\" sizes=\"auto, (max-width: 1024px) 100vw, 1024px\" \/>\t\t\t\t\t<\/a>\n\t\t\t\t\t\t\t<\/div>\n\t\t\t\t\t\t<div class='uagb-post__text uagb-post-grid-byline'>\n\t\t\t\t\t\t\t<\/div>\n\t\t\t\t\t\t\t<div class='uagb-post__text uagb-post__excerpt'>\n\t\t\t\t\t<p>El pasado 8 de agosto la presidente de la Federaci\u00f3n Nacional de Sociedades de Mejoras&#8230;\t\t\t\t<\/div>\n\t\t\t\t\t\t<div class=\"uagb-post__text uagb-post__cta wp-block-button\">\n\t\t\t\t<a class=\"wp-block-button__link uagb-text-link\" style=\"\" href=\"https:\/\/federacionsmpc.org\/index.php\/2023\/08\/17\/nueva-junta-directiva-2023-2025\/\" target=\"_self\" rel=\"bookmark noopener noreferrer\">Leer m\u00e1s<\/a>\n\t\t\t<\/div>\n\t\t\t\n\t\t\t\t\t\t\t\t\t<\/article>\n\t\t\t\t\t\t\t\t\t\t\t\t\t\t\t\t<article class=\"uagb-post__inner-wrap\">\t\t\t\t\t\t\t\t<div class='uagb-post__image'>\n\t\t\t\t\t\t\t\t\t<a href=\"https:\/\/federacionsmpc.org\/index.php\/2023\/08\/17\/primer-encuentro-regional-de-smp\/\" target=\"_self\" rel=\"bookmark noopener noreferrer\" class='uagb-image-ratio-inherit'><img loading=\"lazy\" decoding=\"async\" width=\"1024\" height=\"770\" src=\"https:\/\/federacionsmpc.org\/wp-content\/uploads\/2023\/08\/ENCUENTRO-VIRTUAL-1024x770.jpg\" class=\"attachment-large size-large\" alt=\"\" srcset=\"https:\/\/federacionsmpc.org\/wp-content\/uploads\/2023\/08\/ENCUENTRO-VIRTUAL-1024x770.jpg 1024w, https:\/\/federacionsmpc.org\/wp-content\/uploads\/2023\/08\/ENCUENTRO-VIRTUAL-300x226.jpg 300w, https:\/\/federacionsmpc.org\/wp-content\/uploads\/2023\/08\/ENCUENTRO-VIRTUAL-768x577.jpg 768w, https:\/\/federacionsmpc.org\/wp-content\/uploads\/2023\/08\/ENCUENTRO-VIRTUAL.jpg 1200w\" sizes=\"auto, (max-width: 1024px) 100vw, 1024px\" \/>\t\t\t\t\t<\/a>\n\t\t\t\t\t\t\t<\/div>\n\t\t\t\t\t\t<div class='uagb-post__text uagb-post-grid-byline'>\n\t\t\t\t\t\t\t<\/div>\n\t\t\t\t\t\t\t<div class='uagb-post__text uagb-post__excerpt'>\n\t\t\t\t\t<p>La Federaci\u00f3n Nacional de Sociedades de Mejoras P\u00fablicas de Colombia, de conformidad con su Plan&#8230;\t\t\t\t<\/div>\n\t\t\t\t\t\t<div class=\"uagb-post__text uagb-post__cta wp-block-button\">\n\t\t\t\t<a class=\"wp-block-button__link uagb-text-link\" style=\"\" href=\"https:\/\/federacionsmpc.org\/index.php\/2023\/08\/17\/primer-encuentro-regional-de-smp\/\" target=\"_self\" rel=\"bookmark noopener noreferrer\">Leer m\u00e1s<\/a>\n\t\t\t<\/div>\n\t\t\t\n\t\t\t\t\t\t\t\t\t<\/article>\n\t\t\t\t\t\t\t\t\t\t\t\t\t\t\t\t<article class=\"uagb-post__inner-wrap\">\t\t\t\t\t\t\t\t<div class='uagb-post__image'>\n\t\t\t\t\t\t\t\t\t<a href=\"https:\/\/federacionsmpc.org\/index.php\/2023\/08\/16\/balance-social\/\" target=\"_self\" rel=\"bookmark noopener noreferrer\" class='uagb-image-ratio-inherit'><img loading=\"lazy\" decoding=\"async\" width=\"1024\" height=\"768\" src=\"https:\/\/federacionsmpc.org\/wp-content\/uploads\/2023\/08\/social-1024x768.jpg\" class=\"attachment-large size-large\" alt=\"\" srcset=\"https:\/\/federacionsmpc.org\/wp-content\/uploads\/2023\/08\/social-1024x768.jpg 1024w, https:\/\/federacionsmpc.org\/wp-content\/uploads\/2023\/08\/social-300x225.jpg 300w, https:\/\/federacionsmpc.org\/wp-content\/uploads\/2023\/08\/social-768x576.jpg 768w, https:\/\/federacionsmpc.org\/wp-content\/uploads\/2023\/08\/social.jpg 1200w\" sizes=\"auto, (max-width: 1024px) 100vw, 1024px\" \/>\t\t\t\t\t<\/a>\n\t\t\t\t\t\t\t<\/div>\n\t\t\t\t\t\t<div class='uagb-post__text uagb-post-grid-byline'>\n\t\t\t\t\t\t\t<\/div>\n\t\t\t\t\t\t\t<div class='uagb-post__text uagb-post__excerpt'>\n\t\t\t\t\tEn la Asamblea del mes de agosto de 2023 la Dra. Loreley Noriega presenta su&#8230;\t\t\t\t<\/div>\n\t\t\t\t\t\t<div class=\"uagb-post__text uagb-post__cta wp-block-button\">\n\t\t\t\t<a class=\"wp-block-button__link uagb-text-link\" style=\"\" href=\"https:\/\/federacionsmpc.org\/index.php\/2023\/08\/16\/balance-social\/\" target=\"_self\" rel=\"bookmark noopener noreferrer\">Leer m\u00e1s<\/a>\n\t\t\t<\/div>\n\t\t\t\n\t\t\t\t\t\t\t\t\t<\/article>\n\t\t\t\t\t\t\t\t\t\t\t\t\t\t\t\t<article class=\"uagb-post__inner-wrap\">\t\t\t\t\t\t\t\t<div class='uagb-post__image'>\n\t\t\t\t\t\t\t\t\t<a href=\"https:\/\/federacionsmpc.org\/index.php\/2023\/08\/09\/ley-1217-de-2008\/\" target=\"_self\" rel=\"bookmark noopener noreferrer\" class='uagb-image-ratio-inherit'><img loading=\"lazy\" decoding=\"async\" width=\"1024\" height=\"768\" src=\"https:\/\/federacionsmpc.org\/wp-content\/uploads\/2023\/08\/LEY-1-1024x768.jpg\" class=\"attachment-large size-large\" alt=\"\" srcset=\"https:\/\/federacionsmpc.org\/wp-content\/uploads\/2023\/08\/LEY-1-1024x768.jpg 1024w, https:\/\/federacionsmpc.org\/wp-content\/uploads\/2023\/08\/LEY-1-300x225.jpg 300w, https:\/\/federacionsmpc.org\/wp-content\/uploads\/2023\/08\/LEY-1-768x576.jpg 768w, https:\/\/federacionsmpc.org\/wp-content\/uploads\/2023\/08\/LEY-1.jpg 1200w\" sizes=\"auto, (max-width: 1024px) 100vw, 1024px\" \/>\t\t\t\t\t<\/a>\n\t\t\t\t\t\t\t<\/div>\n\t\t\t\t\t\t<div class='uagb-post__text uagb-post-grid-byline'>\n\t\t\t\t\t\t\t<\/div>\n\t\t\t\t\t\t\t<div class='uagb-post__text uagb-post__excerpt'>\n\t\t\t\t\tPor medio de la cual se dictan normas para la regulaci\u00f3n y modernizaci\u00f3n de las&#8230;\t\t\t\t<\/div>\n\t\t\t\t\t\t<div class=\"uagb-post__text uagb-post__cta wp-block-button\">\n\t\t\t\t<a class=\"wp-block-button__link uagb-text-link\" style=\"\" href=\"https:\/\/federacionsmpc.org\/index.php\/2023\/08\/09\/ley-1217-de-2008\/\" target=\"_self\" rel=\"bookmark noopener noreferrer\">Leer m\u00e1s<\/a>\n\t\t\t<\/div>\n\t\t\t\n\t\t\t\t\t\t\t\t\t<\/article>\n\t\t\t\t\t\t\t\t\t\t\t\t\t\t\t\t<article class=\"uagb-post__inner-wrap\">\t\t\t\t\t\t\t\t<div class='uagb-post__image'>\n\t\t\t\t\t\t\t\t\t<a href=\"https:\/\/federacionsmpc.org\/index.php\/2023\/07\/17\/coloquio-del-pot-de-bogota-en-el-ano-2021\/\" target=\"_self\" rel=\"bookmark noopener noreferrer\" class='uagb-image-ratio-inherit'><img loading=\"lazy\" decoding=\"async\" width=\"1024\" height=\"770\" src=\"https:\/\/federacionsmpc.org\/wp-content\/uploads\/2023\/08\/COLOQUIO-1-1024x770.jpg\" class=\"attachment-large size-large\" alt=\"\" srcset=\"https:\/\/federacionsmpc.org\/wp-content\/uploads\/2023\/08\/COLOQUIO-1-1024x770.jpg 1024w, https:\/\/federacionsmpc.org\/wp-content\/uploads\/2023\/08\/COLOQUIO-1-300x226.jpg 300w, https:\/\/federacionsmpc.org\/wp-content\/uploads\/2023\/08\/COLOQUIO-1-768x577.jpg 768w, https:\/\/federacionsmpc.org\/wp-content\/uploads\/2023\/08\/COLOQUIO-1.jpg 1200w\" sizes=\"auto, (max-width: 1024px) 100vw, 1024px\" \/>\t\t\t\t\t<\/a>\n\t\t\t\t\t\t\t<\/div>\n\t\t\t\t\t\t<div class='uagb-post__text uagb-post-grid-byline'>\n\t\t\t\t\t\t\t<\/div>\n\t\t\t\t\t\t\t<div class='uagb-post__text uagb-post__excerpt'>\n\t\t\t\t\t<p>El Arq. Carlos Roberto Pombo Urdaneta, Presidente la Sociedad de Mejoras y Ornato de Bogot\u00e1,&#8230;\t\t\t\t<\/div>\n\t\t\t\t\t\t<div class=\"uagb-post__text uagb-post__cta wp-block-button\">\n\t\t\t\t<a class=\"wp-block-button__link uagb-text-link\" style=\"\" href=\"https:\/\/federacionsmpc.org\/index.php\/2023\/07\/17\/coloquio-del-pot-de-bogota-en-el-ano-2021\/\" target=\"_self\" rel=\"bookmark noopener noreferrer\">Leer m\u00e1s<\/a>\n\t\t\t<\/div>\n\t\t\t\n\t\t\t\t\t\t\t\t\t<\/article>\n\t\t\t\t\t\t\t\t\t\t\t<\/div>\n\t\t\t<\/div><\/div>\n\n\n\n<div class=\"wp-block-uagb-container uagb-block-05a4a518 alignfull uagb-is-root-container\">\n<div class=\"wp-block-uagb-info-box uagb-block-9a97965e uagb-infobox__content-wrap  uagb-infobox-icon-above-title uagb-infobox-image-valign-top\"><div class=\"uagb-ifb-content\"><div class=\"uagb-ifb-title-wrap\"><h2 class=\"uagb-ifb-title\">\u00bfEst\u00e1 interesado en recibir las \u00faltimas noticias de nuestra Federaci\u00f3n? <\/h2><\/div><p class=\"uagb-ifb-desc\">Suscr\u00edbase ahora mismo a nuestro Newsletter y sea el primero en enterarse<\/p><\/div><\/div>\n\n\n\n<div class=\"wp-block-uagb-container uagb-block-7ac3664f\">\n<div class=\"wp-block-uagb-container uagb-block-3510346b\"><div class=\"wpforms-container wpforms-block wpforms-block-0de1870d-2c78-4c75-9f5a-4a401f57dc5a\" id=\"wpforms-2825\"><form id=\"wpforms-form-2825\" class=\"wpforms-validate wpforms-form wpforms-ajax-form\" data-formid=\"2825\" method=\"post\" enctype=\"multipart\/form-data\" action=\"\/index.php\/wp-json\/wp\/v2\/pages\/1322\" data-token=\"688a4c32b8d352d31166dd0897ca315f\" data-token-time=\"1777552620\"><noscript class=\"wpforms-error-noscript\">Por favor, activa JavaScript en tu navegador para completar este formulario.<\/noscript><div class=\"wpforms-field-container\"><div id=\"wpforms-2825-field_0-container\" class=\"wpforms-field wpforms-field-name\" data-field-id=\"0\"><label class=\"wpforms-field-label wpforms-label-hide\" for=\"wpforms-2825-field_0\">Nombre<\/label><input type=\"text\" id=\"wpforms-2825-field_0\" class=\"wpforms-field-large\" name=\"wpforms[fields][0]\" placeholder=\"Nombre\" ><\/div><div id=\"wpforms-2825-field_1-container\" class=\"wpforms-field wpforms-field-email\" data-field-id=\"1\"><label class=\"wpforms-field-label wpforms-label-hide\" for=\"wpforms-2825-field_1\">Email<\/label><input type=\"email\" id=\"wpforms-2825-field_1\" class=\"wpforms-field-large\" name=\"wpforms[fields][1]\" placeholder=\"Email\" spellcheck=\"false\" ><\/div><\/div><!-- .wpforms-field-container --><div class=\"wpforms-submit-container\" ><input type=\"hidden\" name=\"wpforms[id]\" value=\"2825\"><input type=\"hidden\" name=\"page_title\" value=\"\"><input type=\"hidden\" name=\"page_url\" value=\"https:\/\/federacionsmpc.org\/index.php\/wp-json\/wp\/v2\/pages\/1322\"><input type=\"hidden\" name=\"url_referer\" value=\"\"><button type=\"submit\" name=\"wpforms[submit]\" id=\"wpforms-submit-2825\" class=\"wpforms-submit\" data-alt-text=\"Enviando...\" data-submit-text=\"Enviar\" aria-live=\"assertive\" value=\"wpforms-submit\">Enviar<\/button><img loading=\"lazy\" decoding=\"async\" src=\"https:\/\/federacionsmpc.org\/wp-content\/plugins\/wpforms-lite\/assets\/images\/submit-spin.svg\" class=\"wpforms-submit-spinner\" style=\"display: none;\" width=\"26\" height=\"26\" alt=\"Cargando\"><\/div><\/form><\/div>  <!-- .wpforms-container --><\/div>\n<\/div>\n<\/div>\n","protected":false},"excerpt":{"rendered":"<p>Preservando nuestro Pasado y Presente,para asegurar nuestro Futuro \u00a1Bienvenidos! NOTICIAS DE LA FEDERACI\u00d3N<\/p>\n","protected":false},"author":1,"featured_media":0,"parent":0,"menu_order":0,"comment_status":"closed","ping_status":"closed","template":"","meta":{"_uag_custom_page_level_css":"","site-sidebar-layout":"no-sidebar","site-content-layout":"page-builder","ast-site-content-layout":"full-width-container","site-content-style":"unboxed","site-sidebar-style":"unboxed","ast-global-header-display":"","ast-banner-title-visibility":"","ast-main-header-display":"","ast-hfb-above-header-display":"","ast-hfb-below-header-display":"","ast-hfb-mobile-header-display":"","site-post-title":"disabled","ast-breadcrumbs-content":"","ast-featured-img":"disabled","footer-sml-layout":"","ast-disable-related-posts":"","theme-transparent-header-meta":"enabled","adv-header-id-meta":"","stick-header-meta":"","header-above-stick-meta":"","header-main-stick-meta":"","header-below-stick-meta":"","astra-migrate-meta-layouts":"set","ast-page-background-enabled":"default","ast-page-background-meta":{"desktop":{"background-color":"var(--ast-global-color-4)","background-image":"","background-repeat":"repeat","background-position":"center center","background-size":"auto","background-attachment":"scroll","background-type":"","background-media":"","overlay-type":"","overlay-color":"","overlay-opacity":"","overlay-gradient":""},"tablet":{"background-color":"","background-image":"","background-repeat":"repeat","background-position":"center center","background-size":"auto","background-attachment":"scroll","background-type":"","background-media":"","overlay-type":"","overlay-color":"","overlay-opacity":"","overlay-gradient":""},"mobile":{"background-color":"","background-image":"","background-repeat":"repeat","background-position":"center center","background-size":"auto","background-attachment":"scroll","background-type":"","background-media":"","overlay-type":"","overlay-color":"","overlay-opacity":"","overlay-gradient":""}},"ast-content-background-meta":{"desktop":{"background-color":"var(--ast-global-color-5)","background-image":"","background-repeat":"repeat","background-position":"center center","background-size":"auto","background-attachment":"scroll","background-type":"","background-media":"","overlay-type":"","overlay-color":"","overlay-opacity":"","overlay-gradient":""},"tablet":{"background-color":"var(--ast-global-color-5)","background-image":"","background-repeat":"repeat","background-position":"center center","background-size":"auto","background-attachment":"scroll","background-type":"","background-media":"","overlay-type":"","overlay-color":"","overlay-opacity":"","overlay-gradient":""},"mobile":{"background-color":"var(--ast-global-color-5)","background-image":"","background-repeat":"repeat","background-position":"center center","background-size":"auto","background-attachment":"scroll","background-type":"","background-media":"","overlay-type":"","overlay-color":"","overlay-opacity":"","overlay-gradient":""}},"footnotes":""},"class_list":["post-1322","page","type-page","status-publish","hentry"],"uagb_featured_image_src":{"full":false,"thumbnail":false,"medium":false,"medium_large":false,"large":false,"1536x1536":false,"2048x2048":false},"uagb_author_info":{"display_name":"admin","author_link":"https:\/\/federacionsmpc.org\/index.php\/author\/admin\/"},"uagb_comment_info":0,"uagb_excerpt":"Preservando nuestro Pasado y Presente,para asegurar nuestro Futuro \u00a1Bienvenidos! NOTICIAS DE LA FEDERACI\u00d3N","_links":{"self":[{"href":"https:\/\/federacionsmpc.org\/index.php\/wp-json\/wp\/v2\/pages\/1322","targetHints":{"allow":["GET"]}}],"collection":[{"href":"https:\/\/federacionsmpc.org\/index.php\/wp-json\/wp\/v2\/pages"}],"about":[{"href":"https:\/\/federacionsmpc.org\/index.php\/wp-json\/wp\/v2\/types\/page"}],"author":[{"embeddable":true,"href":"https:\/\/federacionsmpc.org\/index.php\/wp-json\/wp\/v2\/users\/1"}],"replies":[{"embeddable":true,"href":"https:\/\/federacionsmpc.org\/index.php\/wp-json\/wp\/v2\/comments?post=1322"}],"version-history":[{"count":111,"href":"https:\/\/federacionsmpc.org\/index.php\/wp-json\/wp\/v2\/pages\/1322\/revisions"}],"predecessor-version":[{"id":3810,"href":"https:\/\/federacionsmpc.org\/index.php\/wp-json\/wp\/v2\/pages\/1322\/revisions\/3810"}],"wp:attachment":[{"href":"https:\/\/federacionsmpc.org\/index.php\/wp-json\/wp\/v2\/media?parent=1322"}],"curies":[{"name":"wp","href":"https:\/\/api.w.org\/{rel}","templated":true}]}}