{"id":2857,"date":"2022-02-24T05:05:12","date_gmt":"2022-02-24T10:05:12","guid":{"rendered":"https:\/\/federacionsmpc.org\/?page_id=2857"},"modified":"2023-08-17T23:38:00","modified_gmt":"2023-08-18T04:38:00","slug":"junta-directiva","status":"publish","type":"page","link":"https:\/\/federacionsmpc.org\/index.php\/junta-directiva\/","title":{"rendered":"Junta Directiva"},"content":{"rendered":"\n<div class=\"wp-block-uagb-container uagb-block-93b94c88 alignfull uagb-is-root-container\"><div class=\"uagb-container-inner-blocks-wrap\">\n<div class=\"wp-block-uagb-advanced-heading uagb-block-392a41cb\"><h1 class=\"uagb-heading-text\">Junta Directiva<\/h1><\/div>\n<\/div><\/div>\n\n\n\n<div class=\"wp-block-uagb-container uagb-block-9be9977d alignfull uagb-is-root-container\"><div class=\"uagb-container-inner-blocks-wrap\">\n<div class=\"wp-block-uagb-advanced-heading uagb-block-629add31\"><h4 class=\"uagb-heading-text\">Nueva Junta Directiva para el periodo <strong>2023 -2025<\/strong><\/h4><\/div>\n\n\n\n<div class=\"wp-block-uagb-container uagb-block-603887dc alignfull uagb-is-root-container\"><div class=\"uagb-container-inner-blocks-wrap\">\n<div class=\"wp-block-uagb-info-box uagb-block-8395508c uagb-infobox__content-wrap  uagb-infobox-icon-above-title uagb-infobox-image-valign-top\"><div class=\"uagb-ifb-content\"><div class=\"uagb-ifb-image-content\"><img decoding=\"async\" src=\"https:\/\/federacionsmpc.org\/wp-content\/uploads\/2023\/08\/herman-salazar-ef-300x300.jpg\" alt=\"\" width=\"\" height=\"0\" loading=\"lazy\"\/><\/div><div class=\"uagb-ifb-title-wrap\"><h3 class=\"uagb-ifb-title\">Herman Estrada Mej\u00eda<br>Presidente<\/h3><\/div><p class=\"uagb-ifb-desc\">Ingeniero Civil. Representa a la Sociedad de Mejoras P\u00fablicas de Manizales.<\/p><\/div><\/div>\n\n\n\n<div class=\"wp-block-uagb-info-box uagb-block-69e096cb uagb-infobox__content-wrap  uagb-infobox-icon-above-title uagb-infobox-image-valign-top\"><div class=\"uagb-ifb-content\"><div class=\"uagb-ifb-image-content\"><img decoding=\"async\" src=\"https:\/\/federacionsmpc.org\/wp-content\/uploads\/2023\/08\/LNA1-300x300.jpg\" alt=\"\" width=\"\" height=\"0\" loading=\"lazy\"\/><\/div><div class=\"uagb-ifb-title-wrap\"><h3 class=\"uagb-ifb-title\">Loreley Noriega Acosta<br>Vicepresidente<\/h3><\/div><p class=\"uagb-ifb-desc\">Abogada, especialista en Derecho Financiero y en Derecho P\u00fablico Financiero.<br>Consultora en Derecho Urbano; Exgobernadora (E) de Casanare; con destacada trayectoria en el sector p\u00fablico y privado. Dirigente gremial, cultural y social. Representa a la Sociedad de Mejoras P\u00fablicas de Villavicencio.<\/p><\/div><\/div>\n\n\n\n<div class=\"wp-block-uagb-info-box uagb-block-ad74120e uagb-infobox__content-wrap  uagb-infobox-icon-above-title uagb-infobox-image-valign-top\"><div class=\"uagb-ifb-content\"><div class=\"uagb-ifb-image-content\"><img decoding=\"async\" src=\"https:\/\/federacionsmpc.org\/wp-content\/uploads\/2023\/08\/7-2-300x300.jpg\" alt=\"\" width=\"\" height=\"0\" loading=\"lazy\"\/><\/div><div class=\"uagb-ifb-title-wrap\"><h3 class=\"uagb-ifb-title\">Carlos Roberto Pombo U.<br>Primer Vocal Principal<\/h3><\/div><p class=\"uagb-ifb-desc\">Arquitecto con especializaciones en planeamiento urbano y regional, con amplia experiencia en el sector p\u00fablico y privado. Docente e investigador en planeamiento urbano. Dirigente gremial y social. Representa a la Sociedad de Mejoras y Ornato de Bogot\u00e1.<br><\/p><\/div><\/div>\n<\/div><\/div>\n\n\n\n<div class=\"wp-block-uagb-container uagb-block-d09ec8ca alignfull uagb-is-root-container\"><div class=\"uagb-container-inner-blocks-wrap\">\n<div class=\"wp-block-uagb-info-box uagb-block-05c54ca1 uagb-infobox__content-wrap  uagb-infobox-icon-above-title uagb-infobox-image-valign-top\"><div class=\"uagb-ifb-content\"><div class=\"uagb-ifb-image-content\"><img decoding=\"async\" src=\"https:\/\/federacionsmpc.org\/wp-content\/uploads\/2023\/08\/6-300x300.jpg\" alt=\"\" width=\"\" height=\"0\" loading=\"lazy\"\/><\/div><div class=\"uagb-ifb-title-wrap\"><h3 class=\"uagb-ifb-title\">Lina Mar\u00eda Acosta de Rizo<br>Segunda Vocal Principal<\/h3><\/div><p class=\"uagb-ifb-desc\">Arquitecta. Empresaria y dirigente c\u00edvica. Representa a la Sociedad de Mejoras P\u00fablicas de Cartagena.<br><\/p><\/div><\/div>\n\n\n\n<div class=\"wp-block-uagb-info-box uagb-block-94fc42a1 uagb-infobox__content-wrap  uagb-infobox-icon-above-title uagb-infobox-image-valign-top\"><div class=\"uagb-ifb-content\"><div class=\"uagb-ifb-image-content\"><img decoding=\"async\" src=\"https:\/\/federacionsmpc.org\/wp-content\/uploads\/2023\/08\/benardo-yopal-300x300.jpg\" alt=\"\" width=\"\" height=\"0\" loading=\"lazy\"\/><\/div><div class=\"uagb-ifb-title-wrap\"><h3 class=\"uagb-ifb-title\">Juan Bernardo Serrano<br>Tercer Vocal Principal<\/h3><\/div><p class=\"uagb-ifb-desc\">Administrador de Empresas.<br>Empresario y excandidato a la Gobernaci\u00f3n del Casanare y a la C\u00e1mara de Representantes.<br>Representa a la Sociedad de Mejoras P\u00fablicas de Yopal<\/p><\/div><\/div>\n\n\n\n<div class=\"wp-block-uagb-info-box uagb-block-b35cdad0 uagb-infobox__content-wrap  uagb-infobox-icon-above-title uagb-infobox-image-valign-top\"><div class=\"uagb-ifb-content\"><div class=\"uagb-ifb-title-wrap\"><h3 class=\"uagb-ifb-title\"><br>\u00d3scar Salazar Garc\u00eda<br>Primer Vocal Suplente<br>SMP de Chinchin\u00e1<br>____________________<br><br>Edgar Augusto Corrales<br>Segundo Vocal Suplente<br>SMP de Anserma<br>____________________<br><br>\u00c1ngela Giraldo<br>Tercera Vocal Suplente<br>SMP de Marinilla<\/h3><\/div><\/div><\/div>\n<\/div><\/div>\n<\/div><\/div>\n\n\n\n<div class=\"wp-block-uagb-container uagb-block-d494f30b alignfull uagb-is-root-container\"><div class=\"uagb-container-inner-blocks-wrap\">\n<div class=\"wp-block-uagb-advanced-heading uagb-block-c84a60e8\"><h4 class=\"uagb-heading-text\">En Asamblea realizada en el mes de junio del a\u00f1o 2021 se eligi\u00f3 a la nueva Junta Directiva para el periodo <strong>2021 -2023<\/strong><\/h4><\/div>\n\n\n\n<div class=\"wp-block-uagb-container uagb-block-aa51609a\">\n<div class=\"wp-block-uagb-info-box uagb-block-f34bb74a uagb-infobox__content-wrap  uagb-infobox-icon-above-title uagb-infobox-image-valign-top\"><div class=\"uagb-ifb-content\"><div class=\"uagb-ifb-image-content\"><img decoding=\"async\" src=\"https:\/\/federacionsmpc.org\/wp-content\/uploads\/2023\/08\/5-300x300.jpg\" alt=\"\" width=\"\" height=\"0\" loading=\"lazy\"\/><\/div><div class=\"uagb-ifb-title-wrap\"><h3 class=\"uagb-ifb-title\">Loreley Noriega Acosta<br>Presidente<\/h3><\/div><p class=\"uagb-ifb-desc\">Abogada, especialista en Derecho Financiero y en Derecho P\u00fablico Financiero.<br>Consultora en Derecho Urbano; Exgobernadora (E) de Casanare; con destacada trayectoria en el sector p\u00fablico y privado. Dirigente gremial, cultural y social. Representa a la Sociedad de Mejoras P\u00fablicas de Villavicencio.<\/p><\/div><\/div>\n\n\n\n<div class=\"wp-block-uagb-info-box uagb-block-191bd06b uagb-infobox__content-wrap  uagb-infobox-icon-above-title uagb-infobox-image-valign-top\"><div class=\"uagb-ifb-content\"><div class=\"uagb-ifb-image-content\"><img decoding=\"async\" src=\"https:\/\/federacionsmpc.org\/wp-content\/uploads\/2023\/08\/2-1-300x300.jpg\" alt=\"\" width=\"\" height=\"0\" loading=\"lazy\"\/><\/div><div class=\"uagb-ifb-title-wrap\"><h3 class=\"uagb-ifb-title\">Carlos A. Casta\u00f1eda Garc\u00eda<br>Vicepresidente<\/h3><\/div><p class=\"uagb-ifb-desc\">Administrador P\u00fablico, especialista en Gesti\u00f3n Cultural; con experiencia en el sector p\u00fablico, conferencista, consultor y creador de contenidos audiovisuales. Representa a la Sociedad de Mejoras y Ornato de Manizales.<\/p><\/div><\/div>\n\n\n\n<div class=\"wp-block-uagb-info-box uagb-block-a7fc30b0 uagb-infobox__content-wrap  uagb-infobox-icon-above-title uagb-infobox-image-valign-top\"><div class=\"uagb-ifb-content\"><div class=\"uagb-ifb-image-content\"><img decoding=\"async\" src=\"https:\/\/federacionsmpc.org\/wp-content\/uploads\/2023\/08\/4-2-300x300.jpg\" alt=\"\" width=\"\" height=\"0\" loading=\"lazy\"\/><\/div><div class=\"uagb-ifb-title-wrap\"><h3 class=\"uagb-ifb-title\">Francoise Coup\u00e9<br>Primera Vocal Principal<\/h3><\/div><p class=\"uagb-ifb-desc\">Fil\u00f3sofa y sociol\u00f3ga, Magister en Planeaci\u00f3n Urbano-Regional. Posee una importante experiencia profesional en planeamiento urbano. Docente e investigadora. Dirigente gremial y social. Representa a la Sociedad de Mejoras P\u00fablicas de Medell\u00edn.<\/p><\/div><\/div>\n<\/div>\n\n\n\n<div class=\"wp-block-uagb-container uagb-block-c9f8b1d3\">\n<div class=\"wp-block-uagb-info-box uagb-block-f7963918 uagb-infobox__content-wrap  uagb-infobox-icon-above-title uagb-infobox-image-valign-top\"><div class=\"uagb-ifb-content\"><div class=\"uagb-ifb-image-content\"><img decoding=\"async\" src=\"https:\/\/federacionsmpc.org\/wp-content\/uploads\/2023\/08\/6-300x300.jpg\" alt=\"\" width=\"\" height=\"0\" loading=\"lazy\"\/><\/div><div class=\"uagb-ifb-title-wrap\"><h3 class=\"uagb-ifb-title\">Lina Mar\u00eda Acosta de Rizo<br>Segunda Vocal Principal<\/h3><\/div><p class=\"uagb-ifb-desc\">Arquitecta. Empresaria y dirigente c\u00edvica. Representa a la Sociedad de Mejoras P\u00fablicas de Cartagena.<br><\/p><\/div><\/div>\n\n\n\n<div class=\"wp-block-uagb-info-box uagb-block-fc7a58cc uagb-infobox__content-wrap  uagb-infobox-icon-above-title uagb-infobox-image-valign-top\"><div class=\"uagb-ifb-content\"><div class=\"uagb-ifb-image-content\"><img decoding=\"async\" src=\"https:\/\/federacionsmpc.org\/wp-content\/uploads\/2023\/08\/3-300x300.jpg\" alt=\"\" width=\"\" height=\"0\" loading=\"lazy\"\/><\/div><div class=\"uagb-ifb-title-wrap\"><h3 class=\"uagb-ifb-title\">Ana Mar\u00eda Cuartas S.<br>Tercera Vocal Principal<\/h3><\/div><p class=\"uagb-ifb-desc\">Ingeniera Industrial, Magister en Administraci\u00f3n de Empresas y Administraci\u00f3n Econ\u00f3mica y Financiera fue vicepresidente de Competitividad de la C\u00e1mara de Comercio de Pereira; consultora empresarial y docente universitaria. Representa a la Sociedad de Mejoras P\u00fablicas de Pereira<\/p><\/div><\/div>\n\n\n\n<div class=\"wp-block-uagb-info-box uagb-block-9f745e51 uagb-infobox__content-wrap  uagb-infobox-icon-above-title uagb-infobox-image-valign-top\"><div class=\"uagb-ifb-content\"><div class=\"uagb-ifb-title-wrap\"><h3 class=\"uagb-ifb-title\">Jos\u00e9 Mario Botero<br>Primer Vocal Suplente<br>SMP de Sons\u00f3n<br>____________________<br><br>Celina Ruby Giraldo Arias<br>Segunda Vocal Suplente<br>SMP de Chinchin\u00e1<br>____________________<br><br>Mar\u00eda Luz Buitrago Cardona<br>Tercera Vocal Suplente<br>SMP de Neira<\/h3><\/div><\/div><\/div>\n<\/div>\n<\/div><\/div>\n\n\n\n<div class=\"wp-block-uagb-container uagb-block-fbdb2b87 alignfull uagb-is-root-container\"><div class=\"uagb-container-inner-blocks-wrap\">\n<div class=\"wp-block-uagb-advanced-heading uagb-block-896d1f88\"><h4 class=\"uagb-heading-text\"> Junta Directiva periodo <br><strong>2019 -2021<\/strong><\/h4><\/div>\n\n\n\n<div class=\"wp-block-uagb-container uagb-block-ed790f21\">\n<div class=\"wp-block-uagb-info-box uagb-block-40350785 uagb-infobox__content-wrap  uagb-infobox-icon-above-title uagb-infobox-image-valign-top\"><div class=\"uagb-ifb-content\"><div class=\"uagb-ifb-image-content\"><img decoding=\"async\" src=\"https:\/\/federacionsmpc.org\/wp-content\/uploads\/2023\/08\/5-300x300.jpg\" alt=\"\" width=\"\" height=\"0\" loading=\"lazy\"\/><\/div><div class=\"uagb-ifb-title-wrap\"><h3 class=\"uagb-ifb-title\">Loreley Noriega Acosta<br>Presidente<\/h3><\/div><p class=\"uagb-ifb-desc\">Abogada, especialista en Derecho Financiero <br>y en Derecho P\u00fablico Financiero.<br>Consultora en Derecho Urbano; Exgobernadora (E) de Casanare; con destacada trayectoria en el sector p\u00fablico y privado. Dirigente gremial, cultural y social. Representa a la Sociedad de Mejoras P\u00fablicas de Villavicencio.<\/p><\/div><\/div>\n\n\n\n<div class=\"wp-block-uagb-info-box uagb-block-97d64301 uagb-infobox__content-wrap  uagb-infobox-icon-above-title uagb-infobox-image-valign-top\"><div class=\"uagb-ifb-content\"><div class=\"uagb-ifb-image-content\"><img decoding=\"async\" src=\"https:\/\/federacionsmpc.org\/wp-content\/uploads\/2023\/08\/7-300x300.jpg\" alt=\"\" width=\"\" height=\"0\" loading=\"lazy\"\/><\/div><div class=\"uagb-ifb-title-wrap\"><h3 class=\"uagb-ifb-title\">Carlos Roberto Pombo U.<br>Vicepresidente<\/h3><\/div><p class=\"uagb-ifb-desc\">Arquitecto con especializaciones en planeamiento urbano y regional, con amplia experiencia en el sector p\u00fablico y privado. Docente e investigador en planeamiento urbano. Dirigente gremial y social. Representa a la Sociedad de Mejoras y Ornato de Bogot\u00e1.<\/p><\/div><\/div>\n\n\n\n<div class=\"wp-block-uagb-info-box uagb-block-6322f7cc uagb-infobox__content-wrap  uagb-infobox-icon-above-title uagb-infobox-image-valign-top\"><div class=\"uagb-ifb-content\"><div class=\"uagb-ifb-image-content\"><img decoding=\"async\" src=\"https:\/\/federacionsmpc.org\/wp-content\/uploads\/2023\/08\/4-300x300.jpg\" alt=\"\" width=\"\" height=\"0\" loading=\"lazy\"\/><\/div><div class=\"uagb-ifb-title-wrap\"><h3 class=\"uagb-ifb-title\">Francoise Coup\u00e9<br>Primera Vocal Principal<\/h3><\/div><p class=\"uagb-ifb-desc\">Fil\u00f3sofa y sociol\u00f3ga, Magister en Planeaci\u00f3n Urbano-Regional. Posee una importante experiencia profesional en planeamiento urbano. Docente e investigadora. Dirigente gremial y social. Representa a la Sociedad de Mejoras P\u00fablicas de Medell\u00edn.<\/p><\/div><\/div>\n<\/div>\n\n\n\n<div class=\"wp-block-uagb-container uagb-block-5ad2c454\">\n<div class=\"wp-block-uagb-info-box uagb-block-6b6212c9 uagb-infobox__content-wrap  uagb-infobox-icon-above-title uagb-infobox-image-valign-top\"><div class=\"uagb-ifb-content\"><div class=\"uagb-ifb-image-content\"><img decoding=\"async\" src=\"https:\/\/federacionsmpc.org\/wp-content\/uploads\/2023\/08\/1-1-300x300.jpg\" alt=\"\" width=\"\" height=\"0\" loading=\"lazy\"\/><\/div><div class=\"uagb-ifb-title-wrap\"><h3 class=\"uagb-ifb-title\">Ma. del Pilar Garc\u00eda Arizabaleta<br>Segunda Vocal Principal<\/h3><\/div><p class=\"uagb-ifb-desc\">Arquitecta especialista en Paisajismo con experiencia en manejo de espacio p\u00fablico con \u00e9nfasis en lo ambiental, y en planes de paisaje para municipios y dise\u00f1o de jardines para polinizadorers en bosques urbanos. Dirigente gremial y social. Representa a la Sociedad de Mejoras P\u00fablicas de Cali.<br><\/p><\/div><\/div>\n\n\n\n<div class=\"wp-block-uagb-info-box uagb-block-05ac6cbb uagb-infobox__content-wrap  uagb-infobox-icon-above-title uagb-infobox-image-valign-top\"><div class=\"uagb-ifb-content\"><div class=\"uagb-ifb-image-content\"><img decoding=\"async\" src=\"https:\/\/federacionsmpc.org\/wp-content\/uploads\/2023\/08\/6-300x300.jpg\" alt=\"\" width=\"\" height=\"0\" loading=\"lazy\"\/><\/div><div class=\"uagb-ifb-title-wrap\"><h3 class=\"uagb-ifb-title\">Lina Mar\u00eda Acosta de Rizo<br>Tercera Vocal Principal<\/h3><\/div><p class=\"uagb-ifb-desc\">Arquitecta. Empresaria y dirigente c\u00edvica. Representa a la Sociedad de Mejoras P\u00fablicas de Cartagena.<\/p><\/div><\/div>\n\n\n\n<div class=\"wp-block-uagb-info-box uagb-block-10dc7c56 uagb-infobox__content-wrap  uagb-infobox-icon-above-title uagb-infobox-image-valign-top\"><div class=\"uagb-ifb-content\"><div class=\"uagb-ifb-title-wrap\"><h3 class=\"uagb-ifb-title\">Luis Fernando Osman<br>Primer Vocal Suplente<br>SMP de Ibagu\u00e9<br>____________________<br><br>Sandra Milena Torres<br>Segunda Vocal Suplente<br>SMP de Yopal<br>____________________<br><br>Jos\u00e9 Mario Botero<br>Tercera Vocal Suplente<br>SMP de Sons\u00f3n<\/h3><\/div><\/div><\/div>\n<\/div>\n<\/div><\/div>\n","protected":false},"excerpt":{"rendered":"<p>Junta Directiva En Asamblea realizada en el mes de junio del a\u00f1o 2021 se eligi\u00f3 a la nueva Junta Directiva para el periodo 2021 -2023 Junta Directiva periodo 2019 -2021<\/p>\n","protected":false},"author":1,"featured_media":0,"parent":0,"menu_order":0,"comment_status":"closed","ping_status":"closed","template":"","meta":{"_uag_custom_page_level_css":"","site-sidebar-layout":"no-sidebar","site-content-layout":"page-builder","ast-site-content-layout":"full-width-container","site-content-style":"unboxed","site-sidebar-style":"unboxed","ast-global-header-display":"","ast-banner-title-visibility":"","ast-main-header-display":"","ast-hfb-above-header-display":"","ast-hfb-below-header-display":"","ast-hfb-mobile-header-display":"","site-post-title":"disabled","ast-breadcrumbs-content":"","ast-featured-img":"disabled","footer-sml-layout":"","ast-disable-related-posts":"","theme-transparent-header-meta":"enabled","adv-header-id-meta":"","stick-header-meta":"","header-above-stick-meta":"","header-main-stick-meta":"","header-below-stick-meta":"","astra-migrate-meta-layouts":"set","ast-page-background-enabled":"default","ast-page-background-meta":{"desktop":{"background-color":"var(--ast-global-color-4)","background-image":"","background-repeat":"repeat","background-position":"center center","background-size":"auto","background-attachment":"scroll","background-type":"","background-media":"","overlay-type":"","overlay-color":"","overlay-opacity":"","overlay-gradient":""},"tablet":{"background-color":"","background-image":"","background-repeat":"repeat","background-position":"center center","background-size":"auto","background-attachment":"scroll","background-type":"","background-media":"","overlay-type":"","overlay-color":"","overlay-opacity":"","overlay-gradient":""},"mobile":{"background-color":"","background-image":"","background-repeat":"repeat","background-position":"center center","background-size":"auto","background-attachment":"scroll","background-type":"","background-media":"","overlay-type":"","overlay-color":"","overlay-opacity":"","overlay-gradient":""}},"ast-content-background-meta":{"desktop":{"background-color":"var(--ast-global-color-5)","background-image":"","background-repeat":"repeat","background-position":"center center","background-size":"auto","background-attachment":"scroll","background-type":"","background-media":"","overlay-type":"","overlay-color":"","overlay-opacity":"","overlay-gradient":""},"tablet":{"background-color":"var(--ast-global-color-5)","background-image":"","background-repeat":"repeat","background-position":"center center","background-size":"auto","background-attachment":"scroll","background-type":"","background-media":"","overlay-type":"","overlay-color":"","overlay-opacity":"","overlay-gradient":""},"mobile":{"background-color":"var(--ast-global-color-5)","background-image":"","background-repeat":"repeat","background-position":"center center","background-size":"auto","background-attachment":"scroll","background-type":"","background-media":"","overlay-type":"","overlay-color":"","overlay-opacity":"","overlay-gradient":""}},"footnotes":""},"class_list":["post-2857","page","type-page","status-publish","hentry"],"uagb_featured_image_src":{"full":false,"thumbnail":false,"medium":false,"medium_large":false,"large":false,"1536x1536":false,"2048x2048":false},"uagb_author_info":{"display_name":"admin","author_link":"https:\/\/federacionsmpc.org\/index.php\/author\/admin\/"},"uagb_comment_info":0,"uagb_excerpt":"Junta Directiva En Asamblea realizada en el mes de junio del a\u00f1o 2021 se eligi\u00f3 a la nueva Junta Directiva para el periodo 2021 -2023 Junta Directiva periodo 2019 -2021","_links":{"self":[{"href":"https:\/\/federacionsmpc.org\/index.php\/wp-json\/wp\/v2\/pages\/2857","targetHints":{"allow":["GET"]}}],"collection":[{"href":"https:\/\/federacionsmpc.org\/index.php\/wp-json\/wp\/v2\/pages"}],"about":[{"href":"https:\/\/federacionsmpc.org\/index.php\/wp-json\/wp\/v2\/types\/page"}],"author":[{"embeddable":true,"href":"https:\/\/federacionsmpc.org\/index.php\/wp-json\/wp\/v2\/users\/1"}],"replies":[{"embeddable":true,"href":"https:\/\/federacionsmpc.org\/index.php\/wp-json\/wp\/v2\/comments?post=2857"}],"version-history":[{"count":22,"href":"https:\/\/federacionsmpc.org\/index.php\/wp-json\/wp\/v2\/pages\/2857\/revisions"}],"predecessor-version":[{"id":3784,"href":"https:\/\/federacionsmpc.org\/index.php\/wp-json\/wp\/v2\/pages\/2857\/revisions\/3784"}],"wp:attachment":[{"href":"https:\/\/federacionsmpc.org\/index.php\/wp-json\/wp\/v2\/media?parent=2857"}],"curies":[{"name":"wp","href":"https:\/\/api.w.org\/{rel}","templated":true}]}}